e highest common factor of 23424 and 309564264.
1464
What is the highest common divisor of 6505 and 41479783?
1301
What is the highest common divisor of 78160 and 26800?
80
What is the greatest common factor of 575828 and 1630754?
1138
Calculate the highest common divisor of 748 and 3598254.
374
What is the highest common divisor of 63 and 615463779?
21
What is the greatest common factor of 37670 and 87440?
10
Calculate the greatest common divisor of 340070 and 190.
10
What is the greatest common factor of 1160 and 3393339880?
1160
Calculate the greatest common divisor of 44797933 and 531.
59
What is the greatest common divisor of 19580 and 445709?
11
Calculate the highest common factor of 247 and 6307373.
19
What is the greatest common factor of 1293870 and 446335?
5015
What is the greatest common divisor of 14259 and 26157117?
2037
What is the greatest common divisor of 302343 and 299181?
93
Calculate the greatest common factor of 100360 and 11632.
8
What is the highest common factor of 3818371 and 1353?
41
What is the greatest common factor of 49492970 and 70?
10
Calculate the highest common divisor of 248844 and 247752.
12
What is the greatest common factor of 574966918 and 59?
59
Calculate the greatest common divisor of 29010293 and 156.
13
Calculate the greatest common divisor of 185122418 and 1388.
694
Calculate the greatest common divisor of 162807516 and 81.
27
What is the highest common factor of 1835178 and 187514?
3074
What is the greatest common factor of 1080450102 and 3084?
1542
Calculate the greatest common divisor of 20770021 and 475.
19
Calculate the greatest common divisor of 243 and 436.
1
What is the greatest common divisor of 34663 and 1876443?
17
Calculate the greatest common factor of 24 and 269528964.
12
What is the greatest common factor of 3598175 and 2900?
725
What is the greatest common factor of 17864 and 5089616?
1624
What is the greatest common divisor of 378 and 7671699?
189
Calculate the greatest common divisor of 3439 and 681902115.
3439
Calculate the highest common factor of 2063203 and 6583.
227
Calculate the highest common factor of 20151926 and 87.
29
What is the highest common factor of 574443174 and 463?
463
Calculate the highest common factor of 389 and 8975786.
389
Calculate the highest common factor of 8196200 and 1284.
428
Calculate the highest common divisor of 6130 and 455.
5
Calculate the highest common factor of 18762 and 3839779.
59
What is the greatest common divisor of 4899495 and 9?
3
Calculate the greatest common divisor of 24323568 and 763.
109
What is the greatest common divisor of 64898 and 23162?
74
Calculate the greatest common divisor of 32360 and 1355040.
40
Calculate the highest common divisor of 16639695 and 4968.
621
Calculate the highest common factor of 9560660 and 64640.
2020
Calculate the greatest common factor of 692 and 3225758.
346
What is the greatest common divisor of 20596 and 2323012?
1084
What is the greatest common factor of 336 and 6143844?
84
Calculate the greatest common divisor of 127354 and 111074.
74
What is the greatest common divisor of 3048 and 18167223?
381
Calculate the greatest common factor of 3420350 and 20100.
3350
Calculate the highest common factor of 430515 and 2115.
45
Calculate the highest common divisor of 26344689 and 10549.
959
Calculate the greatest common factor of 101658033 and 9.
9
What is the greatest common factor of 187119 and 8908?
17
What is the highest common factor of 17931 and 1778652?
129
What is the highest common divisor of 263501605 and 370?
185
Calculate the greatest common divisor of 14542 and 15125.
11
Calculate the greatest common factor of 196587 and 4185.
27
Calculate the highest common divisor of 731172 and 1716.
156
What is the highest common factor of 1181005 and 11480?
1435
Calculate the highest common divisor of 861794363 and 114904.
14363
What is the highest common divisor of 6300468 and 9108?
36
What is the greatest common factor of 79628652 and 78396?
1668
Calculate the greatest common factor of 1196 and 1500152.
92
Calculate the highest common factor of 54840816 and 720.
144
What is the greatest common factor of 15 and 4106541?
3
What is the greatest common factor of 113727 and 1116159?
681
Calculate the greatest common factor of 114770 and 92920.
230
What is the greatest common divisor of 6812205 and 255?
15
What is the greatest common divisor of 13265 and 4754015?
35
Calculate the highest common divisor of 86924 and 625704.
124
What is the highest common factor of 300777 and 42139701?
2811
Calculate the greatest common factor of 864 and 453965472.
864
Calculate the greatest common factor of 470567 and 782051.
257
What is the greatest common divisor of 2014909 and 304732?
2627
What is the highest common factor of 1000080 and 1680?
240
Calculate the greatest common factor of 58081947 and 21.
21
Calculate the highest common divisor of 22039600 and 264.
88
What is the greatest common divisor of 155763 and 14791716?
5769
Calculate the highest common divisor of 104 and 13462124.
52
What is the highest common factor of 1205 and 3612108?
241
Calculate the greatest common factor of 26750751 and 1389.
1389
What is the greatest common divisor of 3304 and 308168?
56
What is the greatest common divisor of 24465078 and 2013?
33
Calculate the highest common factor of 7293 and 694122.
429
What is the highest common factor of 3463044 and 10270?
2054
What is the greatest common divisor of 128399398 and 814?
74
Calculate the greatest common factor of 3943930 and 50.
10
What is the greatest common factor of 885833 and 442?
13
What is the greatest common factor of 60236 and 536833?
407
Calculate the highest common factor of 92 and 647624708.
92
Calculate the highest common factor of 18909 and 4617807.
573
What is the greatest common divisor of 3072864 and 69984?
96
Calculate the greatest common factor of 385 and 6925655.
55
Calculate the greatest common factor of 60622585 and 20937.
997
What is the greatest common divisor of 36 and 56192067?
9
Calculate the highest common divisor of 987932 and 8756.
44
Calculate the greatest common factor of 3611433 and 4935.
987
Calculate the greatest common divisor of 31401223 and 26187.
301
Calculate the highest common divisor of 42047 and 920608.
2213
Calculate the highest common factor of 13987510 and 930.
310
What is the greatest common factor of 4576 and 24085776?
2288
Calculate the highest common factor of 11937 and 34925586.
519
What is the greatest common divisor of 470028 and 16170771?
9039
Calculate the highest common divisor of 112 and 709744.
112
What is the greatest common factor of 858 and 4467372?
78
Calculate the greatest common factor of 99861472 and 128.
32
Calculate the highest common factor of 6880 and 658072.
344
Calculate the highest common divisor of 3 and 32941263.
3
Calculate the greatest common factor of 2610 and 125570.
290
What is the greatest common divisor of 563805 and 33799825?
5695
Calculate the highest common factor of 111573 and 1547601.
759
Calculate the highest common factor of 173241355 and 5.
5
Calculate the highest common factor of 877644820 and 1040.
260
Calculate the greatest common factor of 160479 and 12969.
99
What is the greatest common factor of 13311841 and 638?
29
Calculate the greatest common factor of 2392171 and 12608.
197
Calculate the highest common divisor of 23509507 and 28.
7
What is the greatest common divisor of 19700 and 902400?
100
Calculate the highest common factor of 3 and 372886167.
3
What is the highest common divisor of 228 and 17655446?
38
What is the greatest common factor of 3756 and 880090896?
3756
What is the highest common divisor of 20580749 and 2233?
203
Calculate the highest common factor of 154 and 4128971.
77
What is the highest common factor of 6144 and 1175754?
6
What is the greatest common factor of 645356080 and 40?
40
Calculate the highest common divisor of 35418 and 384.
6
What is the highest common divisor of 44821678 and 88?
22
What is the highest common factor of 11164516 and 207548?
3916
What is the highest common factor of 138 and 15915126?
138
Calculate the highest common factor of 9788652 and 6858.
2286
What is the highest common factor of 98933 and 4963541?
2413
What is the highest common divisor of 248